{"id":168,"date":"2020-06-03T22:03:22","date_gmt":"2020-06-03T22:03:22","guid":{"rendered":"http:\/\/mexiconsumidores.org\/?page_id=168"},"modified":"2020-06-07T22:38:02","modified_gmt":"2020-06-07T22:38:02","slug":"quienes-somos","status":"publish","type":"page","link":"http:\/\/mexiconsumidores.org\/?page_id=168","title":{"rendered":"\u00bfQui\u00e9nes somos?"},"content":{"rendered":"\n<p>Nuestra agrupaci\u00f3n denominada Instituto Mexicano de Educaci\u00f3n para el Consumo, A.C. surge en octubre del 2006, integrada por un grupo de especialistas en disciplinas como comunicaci\u00f3n, derecho, pedagog\u00eda, urbanismo, nutrici\u00f3n, pedagog\u00eda y educaci\u00f3n, econom\u00eda, sociolog\u00eda, psicolog\u00eda y muchas especialidades m\u00e1s, cuyo fin es realizar actividades de educaci\u00f3n, formaci\u00f3n y orientaci\u00f3n para el consumo a personas y grupos, al trav\u00e9s de pl\u00e1ticas, cursos o talleres especializados.<\/p>\n\n\n\n<p>En nuestra organizaci\u00f3n no tenemos inter\u00e9s en la promoci\u00f3n de causas pol\u00edticas, ni propiciamos una explotaci\u00f3n comercial selectiva en la informaci\u00f3n y consejos que ofrecemos.<\/p>\n\n\n\n<p>Tenemos inter\u00e9s en investigar a trav\u00e9s de metodolog\u00edas espec\u00edficas y divulgar h\u00e1bitos y preferencias de los consumidores as\u00ed como las caracter\u00edsticas de muchos productos y servicios que ofrece el mercado. Algunos de nuestros especialistas se han ocupado tanto en puestos clave en empresas privadas de prestigio, organizaciones civiles y\/o instituciones de gobierno, logrando as\u00ed un cuerpo colegiado de experiencia para atender las necesidades de orientaci\u00f3n y educaci\u00f3n para el consumo.<\/p>\n","protected":false},"excerpt":{"rendered":"<p>Nuestra agrupaci\u00f3n denominada Instituto Mexicano de Educaci\u00f3n para el Consumo, A.C. surge en octubre del 2006, integrada por un grupo de especialistas en disciplinas como comunicaci\u00f3n, derecho, pedagog\u00eda, urbanismo, nutrici\u00f3n, pedagog\u00eda y educaci\u00f3n, econom\u00eda, sociolog\u00eda, psicolog\u00eda y muchas especialidades m\u00e1s, cuyo fin es realizar actividades de educaci\u00f3n, formaci\u00f3n y orientaci\u00f3n para el consumo a personas [&hellip;]<\/p>\n","protected":false},"author":1,"featured_media":0,"parent":0,"menu_order":0,"comment_status":"closed","ping_status":"closed","template":"","meta":[],"_links":{"self":[{"href":"http:\/\/mexiconsumidores.org\/index.php?rest_route=\/wp\/v2\/pages\/168"}],"collection":[{"href":"http:\/\/mexiconsumidores.org\/index.php?rest_route=\/wp\/v2\/pages"}],"about":[{"href":"http:\/\/mexiconsumidores.org\/index.php?rest_route=\/wp\/v2\/types\/page"}],"author":[{"embeddable":true,"href":"http:\/\/mexiconsumidores.org\/index.php?rest_route=\/wp\/v2\/users\/1"}],"replies":[{"embeddable":true,"href":"http:\/\/mexiconsumidores.org\/index.php?rest_route=%2Fwp%2Fv2%2Fcomments&post=168"}],"version-history":[{"count":3,"href":"http:\/\/mexiconsumidores.org\/index.php?rest_route=\/wp\/v2\/pages\/168\/revisions"}],"predecessor-version":[{"id":245,"href":"http:\/\/mexiconsumidores.org\/index.php?rest_route=\/wp\/v2\/pages\/168\/revisions\/245"}],"wp:attachment":[{"href":"http:\/\/mexiconsumidores.org\/index.php?rest_route=%2Fwp%2Fv2%2Fmedia&parent=168"}],"curies":[{"name":"wp","href":"https:\/\/api.w.org\/{rel}","templated":true}]}}